 - 2*h. What is the remainder when 5 is divided by i?
2
Let z(w) = w**3 - 13*w**2 + 16*w + 9. Let c be z(13). Let i = -140 + c. Let l = i + -50. What is the remainder when 51 is divided by l?
24
What is the remainder when (-3*(-82)/6)/1 is divided by 6?
5
Suppose 3*t + 64 + 11 = 2*h, t + 77 = 2*h. Calculate the remainder when h is divided by 6.
3
Calculate the remainder when 69 is divided by 14*(-14)/(-49)*1.
1
Suppose -8*f - 2 = -9*f. Let d be 19/4 - f/(-8). Suppose 5*x - 20 = -i, i = 3*i + d*x - 25. What is the remainder when 18 is divided by i?
3
Let z = -10 - -15. Suppose 12 = -v - v + 4*s, -z*s = v + 6. What is the remainder when (v - -3) + (-1 - -62) is divided by 15?
13
Calculate the remainder when 160 is divided by 16 + (1/(-3))/((-3)/9).
7
Let w = 2205 + -2133. Calculate the remainder when 286 is divided by w.
70
Suppose -3*a = -2*q - 6*a + 47, -3*q = -3*a - 108. Let y = -4 - -7. Calculate the remainder when q is divided by (-6)/(y/12 + -1).
7
Suppose 4*u = -3*j + 141, 126 = 4*u - 3*j + j. Let l = u - 2. Suppose 0 = -8*c + 98 - 10. Calculate the remainder when l is divided by c.
9
Suppose -2*r = r. What is the remainder when 75 + 0 - r*9/(-81) is divided by 20?
15
Let c(g) = 18*g + 1. Suppose v - 3*f = 10, 0 = v - 4*f + 3*f - 4. Calculate the remainder when 37 is divided by c(v).
18
Suppose 3*x = p + 49, 14*p - 81 = -5*x + 16*p. Suppose 0 = -4*w - 29 + 225. Calculate the remainder when w is divided by x.
15
Let j = 9 - 5. Suppose 5*f + 280 = 5*u, 0 = -j*u + 2*f + 240 - 12. What is the remainder when 289 is divided by u?
57
Let z(c) = 81*c**2 - 2*c - 1. Let h be (3/6 + 0)*(-5 + 3). Calculate the remainder when z(h) is divided by 17.
14
Let c(a) = -8*a**2 + 46 - 53 - 2*a - 3*a. Let o be c(-3). What is the remainder when 17 is divided by (-12)/16*o/12?
1
Let p(i) = i**3 + 4*i**2 - 5*i + 4. Let t be (-1 + 1)*1/(-2). Let f(y) = -y**3 - y**2 - y + 19. Calculate the remainder when f(t) is divided by p(-5).
3
Let w = 238 + -232. What is the remainder when w is divided by 3?
0
Let d(h) = -10*h + 321. Calculate the remainder when 152 is divided by d(25).
10
Let c be (-2)/5 - 234/(-10). Suppose -3*j + 6*x - 2*x + c = 0, 4*j - 32 = 5*x. Let u(a) = -34*a - 3069. Calculate the remainder when u(-91) is divided by j.
12
Let g be 5/50 + (-1345)/(-50). What is the remainder when 154 is divided by (-26)/(-3)*g/18?
11
Let t = -5289 + 5326. Suppose 5*m - 1108 + 13 = 0. What is the remainder when m is divided by t?
34
Let g(b) = -82*b + 629. Calculate the remainder when 547 is divided by g(6).
136
Let h(l) = -l**3 - 21*l**2 - 45*l + 15. Suppose z + 38 = 2*z. Calculate the remainder when h(-19) is divided by z.
34
Suppose -4*k + 124 - 12 = 4*x, -3*x = 5*k - 150. Calculate the remainder when 88 is divided by k.
22
What is the remainder when 96 is divided by (-2 + (-298)/(-3))*(-33)/(-44)?
23
Calculate the remainder when (-1)/(-3) - 7044/(-36) is divided by 35.
21
Calculate the remainder when 3/(-5) - 17832/(-120) is divided by 31.
24
Let m(h) = -h + 14. Let a be m(16). Let t(q) = -q**3 + 2*q**2 + 4*q. What is the remainder when 13 is divided by t(a)?
5
Let o = -81 + 120. Let j(z) = -2*z**2 + 16*z + 3. Let m be j(8). Suppose 4*s - 4*a = 24, -5*s - m*a = 2*a - 80. What is the remainder when o is divided by s?
6
Suppose c + 81 = h + 85, 0 = -2*c - 5*h - 13. What is the remainder when 5 is divided by c?
0
Let b(q) be the first derivative of 70*q**3/3 + q + 9. Suppose -3*w = -4*g - 62, -11 = -w - g + 5. Calculate the remainder when b(1) is divided by w.
17
Let i(m) = 69*m - 287. Calculate the remainder when 161 is divided by i(5).
45
What is the remainder when (0 + 43/3)/(9/27) is divided by 23?
20
Calculate the remainder when 39 is divided by (-6)/(-6) + 4 - 1.
3
Let n = 2846 - 2841. Let c = 12 - 4. What is the remainder when c is divided by n?
3
Suppose -86 = -7*l + 5*l. Calculate the remainder when 85 is divided by l.
42
Suppose 0 = -5*k - 4*t + 484, 40*k - 3*t = 44*k - 388. Calculate the remainder when 1898 is divided by k.
98
Let s(v) = -v + 6. What is the remainder when 11 is divided by s(-1)?
4
Let x = -24 - -24. Suppose 3*r = -2*l + 25, x*l + 43 = 5*r + 4*l. Suppose -2*z = o - r*z - 31, -o + 13 = z. What is the remainder when 63 is divided by o?
15
Let m be 2/7 + 308/(-49). Calculate the remainder when 42 is divided by (-2268)/(-147) - m/(-14).
12
Suppose -79*z = -76*z + 18. What is the remainder when 29 is divided by 6*1*z/(-4 - -2)?
11
Calculate the remainder when 636/10 - (0 + (-15)/(-25)) is divided by 17.
12
Suppose -95*r + 65*r = -510. What is the remainder when 967 is divided by r?
15
Suppose -3*l + 5*z + 12 = 0, -z = 3*l - 4 - 8. What is the remainder when 13 is divided by l?
1
Suppose 0 = 5*z - 2*r - 284, -4*r - 30 = 2*z - 158. Let i = z - 40. Suppose 4*n - 166 = -34. Calculate the remainder when n is divided by i.
15
Calculate the remainder when 7/((-7)/(-1329)) + 2 + -6 is divided by 78.
77
Let h(u) = -37*u. Let f be ((-1)/1 - -3) + -4. Let i be h(f). Let z = 105 - i. Calculate the remainder when z is divided by 11.
9
Let m(i) = -i**3 - 19*i**2 - 17*i + 42. Calculate the remainder when 239 is divided by m(-18).
23
Let z = -35 - -39. What is the remainder when 12 is divided by z?
0
Suppose -3*m = 2*m + 4*s - 481, 3 = -3*s. Calculate the remainder when m is divided by 17.
12
Suppose -52 - 126 = -2*r. Calculate the remainder when r is divided by 35.
19
Let k be (-3)/2 - 637/(-14). Suppose -228 = -8*m - k. Calculate the remainder when 89 is divided by m.
20
What is the remainder when -37*((-14)/2 + 6) is divided by 1/(-2) - 21/(-2)?
7
Suppose 6 - 6 = -15*o. Suppose 0 = n - o*r - 5*r - 34, -5*n + 62 = 2*r. Calculate the remainder when 38 is divided by n.
10
Suppose b + 3 = 0, 2*l - 6*l - 4*b + 100 = 0. Calculate the remainder when l - (1 - (-5)/(-2)*2) is divided by 24.
8
Let o = -40 - -76. Let l = 845 + -832. What is the remainder when o is divided by l?
10
Suppose -t + 16 = -11. Let w = t + -15. Calculate the remainder when 23 is divided by w.
11
Suppose -r = 5*y - 210, 2*y + r - 7 = 74. What is the remainder when 207 is divided by y?
35
Let k(f) = -f**2 + 15*f + 6. Let i be k(8). Suppose 0*s = -2*s + i. Suppose 5*g - q = 88, 2*q + q - 42 = -3*g. Calculate the remainder when s is divided by g.
14
Suppose 18*l = 22*l. Suppose l = -4*p - 11 + 31. Suppose -d - 352 = -p*d. Calculate the remainder when d is divided by 18.
16
Suppose 783 = 3*n + 321. Suppose 0 = -379*r + 381*r - 4*z - 86, 0 = -4*r - 2*z + 152. Calculate the remainder when n is divided by r.
37
Let q = -286 + 288. Calculate the remainder when 87 is divided by q.
1
Suppose -5*w + 342 = 4*j, 3*j = 4*w - 251 - 4. Suppose 3*z + w = 3*i - 0*i, -70 = 3*z + i. Let g = -10 - z. Calculate the remainder when 36 is divided by g.
10
Let m(g) = 2*g**2 + 2*g. Let f be (-2)/3 - 0 - 20/(-12). Let k = f - -2. What is the remainder when m(-2) is divided by k?
1
Let n = 161 + -155. Suppose 6*d - 3*d = 57. Calculate the remainder when d is divided by n.
1
Let t = 416 - 278. Suppose 0 = 2*b + 6, 3*z = b + 51 - 6. Calculate the remainder when t is divided by z.
12
Suppose 4*y = -0*y. Suppose -3*c + 4*c + 10 = y. Let d = 25 + c. What is the remainder when 28 is divided by d?
13
Suppose -4*w + 92 = 4*r, 48 = 2*w - 12*r + 15*r. Calculate the remainder when 61 is divided by w.
19
Let c(o) = 21*o - 53. Suppose -5 + 107 = 3*v. Calculate the remainder when v is divided by c(3).
4
Let m = -165 + 56. Let v(s) = s**2 - s + 2. Calculate the remainder when (5/15*-3 + 0)*m is divided by v(-4).
21
Suppose 6*t - 2*t = 5*p + 47, t - 5 = -p. Let l = -46 - -74. Calculate the remainder when (-7)/(l/(-88)) + 0 is divided by t.
6
Suppose 16 = w - z, 0*z = -5*w - 5*z + 120. Suppose -w*j - 136 = -24*j. Calculate the remainder when j is divided by 13.
8
Let w = 20 + -29. Let x = 25 + -46. Let o = w - x. What is the remainder when o is divided by 7?
5
Let a(i) = -10*i**2 - i + 1. Let l be a(1). Let d be (22/l - -3)*-15. Let m = -8 - d. Calculate the remainder when 9 is divided by m.
1
Suppose -3*c - 2*c - 5*a + 35 = 0, -2*a = 5*c - 20. Suppose g + 29 = 4*r, -g + 2*g + 13 = c*r. What is the remainder when 15 is divided by r?
7
Suppose 0*d = 5*b + d - 243, 0 = -5*b + 2*d + 234. Suppose 0*c + 5*c - 104 = -2*v, -4*v = 2*c - b. What 